 are the prime factors of k?
2, 5
Let x = -2 - -3. Let k be -8*(-1 - x - -5). Let z = -12 - k. List the prime factors of z.
2, 3
Suppose -29 - 11 = -5*z. Suppose -z*b = -5*n - 3*b + 65, -3*n - 3*b = -15. Let p = n + 3. What are the prime factors of p?
2, 3
Let t be 28/(-12) - 4/6. Let y(q) = 5*q**2 + 2. List the prime factors of y(t).
47
Suppose 0 = 8*w - 3*w - 190. What are the prime factors of w?
2, 19
Suppose y - 162 = 5*c, -304 = -2*y + 6*c - c. List the prime factors of y.
2, 71
Let r = -4 + 7. Suppose 3*v - 30 = -r*h, 0*v - 18 = -h - 5*v. Suppose -d + 25 = 4*t - h, 4*t - 16 = 0. What are the prime factors of d?
17
Suppose 0 = 4*i - 35 - 73. What are the prime factors of i?
3
Let v(t) = 2*t**2 - t. What are the prime factors of v(3)?
3, 5
Let h = -352 - -623. What are the prime factors of h?
271
Let l = 208 - 121. List the prime factors of l.
3, 29
Let h be 122 + (0/1 - 2). Suppose 0 = -4*y + 2*f + h, 3*y - 2*f - 2*f - 80 = 0. List the prime factors of y.
2
Suppose -3*s = 15, 3*x - 2*s + 68 = 216. What are the prime factors of x?
2, 23
Suppose 5*h - 163 = 4*m + 39, 5*h - 5*m = 200. List the prime factors of h.
2, 3, 7
Let d = 39 - 30. What are the prime factors of d?
3
Let b = 127 + -183. Let q be b/6*3/2. What are the prime factors of (6/7)/((-2)/q)?
2, 3
Suppose 2*v - v = 45. Let n = v + -27. Suppose 58 - n = 4*w. List the prime factors of w.
2, 5
List the prime factors of 3/((-6)/(-4)) - -166.
2, 3, 7
Let j = -15 - -50. What are the prime factors of (-128)/(-7) - 10/j?
2, 3
Let t(r) = -r**3 - r**2 + 7*r - 14. List the prime factors of t(-6).
2, 31
Let y(z) = -6*z + 2. Let p be y(-4). Let r = -16 + p. What are the prime factors of r?
2, 5
Suppose -3*w + 4*m = -0*w + 29, -w = 3*m + 27. Let a = w + 39. Let x = -14 + a. What are the prime factors of x?
2, 5
Suppose 17 = 3*z - 2*z. Suppose 5*n = 132 - z. Let d = n + -12. What are the prime factors of d?
11
Suppose 3*p - q + 0*q = -6, 5*q - 15 = 0. Let r(j) = -2*j**2 + 0*j**2 - 5*j**3 + 2*j**2. What are the prime factors of r(p)?
5
Suppose -6 = 2*a, 5*t + a - 831 = -2*a. Suppose 0 = 3*u - 7*u + t. List the prime factors of u.
2, 3, 7
Let h(s) be the first derivative of -4*s**2 - 3*s - 3. List the prime factors of h(-2).
13
Suppose c = -3*c + 80. Let s be (8/(-10))/((-2)/c). Let r = 10 - s. List the prime factors of r.
2
Let f = 32 + 23. What are the prime factors of f?
5, 11
Let x(n) = n**2 + 4*n - 2. What are the prime factors of x(4)?
2, 3, 5
Let j(k) = -k + 23. Let p be j(0). Suppose 4*a + 28 = 4*n, -2*n + a - p = -7*n. List the prime factors of n.
5
Let z = -53 + 127. Suppose b = -b + z. What are the prime factors of b?
37
Suppose 12*x = 3*x + 531. List the prime factors of x.
59
Suppose 0 = 2*l + 32 - 8. Let t = l - -26. List the prime factors of t.
2, 7
Suppose 5*c + 2 = -4*t, 7*t - 3*c - 16 = 2*t. What are the prime factors of (-10)/(-2)*t/5?
2
Suppose 0 = 2*z + 2*z + 20, 3*z + 70 = 5*x. List the prime factors of x.
11
Let v(h) = h**3 - h. Let a(i) = -4*i**3 + 3*i**2 + 8*i - 2. Let o(n) = a(n) + 3*v(n). What are the prime factors of o(3)?
13
Let b = 5 + -5. Suppose -2*n - 32 = -b*n. List the prime factors of n/(-6)*(-6)/(-4).
2
Let s = 98 + -154. List the prime factors of s/(-2)*(-5)/(-10).
2, 7
Let k = 92 - 42. Let b(a) = a - 7. Let s be b(7). Suppose s = -9*h + 4*h + k. List the prime factors of h.
2, 5
Let g = -8 + 8. Suppose 7*m = 2*y + 3*m - 24, 2*y + 2*m - 36 = g. List the prime factors of y.
2
Let a(u) = u**2 - 4*u + 3. Let l(n) = -n + 2. Let m be l(-3). Let t be a(m). List the prime factors of 1/(-3)*t*-3.
2
Let u(v) be the third derivative of v**6/120 - v**5/10 - v**4/4 + v**3 + 3*v**2. What are the prime factors of u(7)?
13
Suppose 4*z - 3*h - 808 = 0, -4*h - 1010 = -5*z - 3*h. List the prime factors of z.
2, 101
Let n(t) be the first derivative of -5*t**2/2 - 3*t - 2. What are the prime factors of n(-3)?
2, 3
Let u be (-1)/(-2) + (-45)/(-10). Let i be 3/(-15) - (-26)/u. Suppose a + 3*d = 3, -67 = -4*a + 4*d - i*d. What are the prime factors of a?
2, 3
Suppose -5*n + 25 = -3*y, 0*n - 5 = -n - 5*y. Let b(z) = 6*z**2 - 2*z + 8*z - 7 - n*z**2. What are the prime factors of b(-8)?
3
Let o(b) = -b**3 + b**2 + 2*b - 1. Let a be o(2). Let q(m) = m**3 - 5*m**2 - 6*m - 3. Let y be q(6). Let i = a - y. What are the prime factors of i?
2
Let v(i) = i - 3. Suppose -5*j = 3*u - 8, -3*u = -u + 5*j - 7. Let m be u + 2 + -3 + 5. What are the prime factors of v(m)?
2
Let d(a) = 6*a + 2. Suppose -2*z + 8 = 4*w - z, 3*z = -4*w + 16. List the prime factors of d(w).
2
Let x = -2 - -5. Suppose -4 = x*q - 5*q. Suppose 4*i = q*a + 76, 8*i = 3*i + 2*a + 94. List the prime factors of i.
2, 3
Let a = -13 + 22. List the prime factors of a.
3
Suppose 5*c + 5 = 3*u, -c + 5*u = -3*c - 2. Let q = c - -13. What are the prime factors of q?
2, 3
Let u = 20 + -3. What are the prime factors of u?
17
Suppose 6*r + 5*d = r, r + 3*d + 4 = 0. Suppose 4*l - 5*w = 14, 0 = -2*l - 4*w + r*w + 16. List the prime factors of l.
2, 3
Let f(z) = 2*z**3 - 5*z**2 + z + 3. List the prime factors of f(3).
3, 5
What are the prime factors of (80 - -2) + -1 + 2 + -3?
2, 5
Suppose 6*v - 66 = 3*v. List the prime factors of v.
2, 11
Let l = -8 + 6. Let r(t) = -2*t. List the prime factors of r(l).
2
Let g(w) = w**3 - 4*w**2 - 5*w + 4. Let j be g(5). Suppose -4*d - 2 = -0*a - 3*a, -5*d = j*a + 18. List the prime factors of 291/27 - d/9.
11
Suppose 2*w - 84 = w. Suppose 6*z - 2*z - w = 0. List the prime factors of z.
3, 7
Let s(l) = l**2 - 8*l + 4. List the prime factors of s(9).
13
Let f(k) = k**2 + 9*k + 11. Let q be f(-8). Let d(n) = -3*n**2 + 1 - 1 + 3 + 3*n + n**q. What are the prime factors of d(3)?
2, 3
Suppose 6 = 8*b - 6*b. Suppose 0 = h - a - 57, b*a + 3 = -3. What are the prime factors of h?
5, 11
Let w = -23 - -32. Let c = 4 + w. What are the prime factors of c?
13
Suppose -5*t + o = 90, -3*t = -o + 5 + 47. Let i = 16 - t. List the prime factors of i.
5, 7
Suppose -3*u + 4*u - 2*b = 36, 2*u - 3*b - 69 = 0. Let d = u + -16. List the prime factors of d.
2, 7
Let q be (-1)/2*38*1. Let g = -9 - q. List the prime factors of g.
2, 5
Suppose 3 = 5*d - 2. Let f(r) = -r**3 - 7*r**2 - 7*r - 5. Let x be f(-6). Let q = d + x. List the prime factors of q.
2
Let c = 7 + -1. What are the prime factors of c?
2, 3
Let m = 2 - 2. Suppose 10 = -2*s, -4*x = 3*s + 11 - m. List the prime factors of (32/(-12))/(x/(-3)).
2
Let n(l) = l**3 + 5*l**2 - 6*l + 7. Let x(p) = -p**3 - 5*p**2 - 5*p - 3. Let j be 1/(-3)*36/4. Let v be x(j). List the prime factors of n(v).
7
Let g(h) = -8*h + 2. Let m(l) = -l**2 - 4*l - 2. Let p be m(-4). List the prime factors of g(p).
2, 3
Let p(i) = i**2 + 5*i - 5. What are the prime factors of p(5)?
3, 5
Suppose 5*v - 2*c = -c + 124, 2*c = 5*v - 128. Let f be 1/2*v/3. List the prime factors of (-1)/f - (-130)/8.
2
Suppose z + 4*o = -0*o - 18, 5*o = -25. Suppose 14 = 5*t - 2*u - 162, -z*t - u + 74 = 0. What are the prime factors of t?
2, 3
Let d be (2 - (-1 + 3))/1. What are the prime factors of -3*(28/(-6) - d)?
2, 7
Let n be ((-40)/(-3) + 2)*3. Let x = 80 - n. List the prime factors of x.
2, 17
Let k(s) = -s + 1. Let d(t) = t + 1. Let z(r) = d(r) + 2*k(r). Let i be (-66)/12 - (-1)/(-2). What are the prime factors of z(i)?
3
Suppose 0*x = 3*x - 189. Suppose -2*k = 3*w + k - x, -5*k = 4*w - 88. What are the prime factors of w?
17
Suppose 5*c - 383 = -3*n, -c + 4*n + 32 = -40. List the prime factors of c.
2, 19
Let o(c) = c**3 + 1. Let b(i) = -5*i**3 + 2*i**2 + i - 3. Let j(y) = -b(y) - 4*o(y). List the prime factors of j(4).
3
Let n(a) = a - 9. Let q be n(9). Let m = q - -5. What are the prime factors of m?
5
Let b(c) = c - 2. What are the prime factors of b(5)?
3
Suppose 0 = -2*l + 4*z - 122, -3*z = l - 5*l - 244. Let i = -42 - l. What are the prime factors of i?
19
Suppose 0 = -o - x + 21, 18 = 2*o - 4*x - 36. Suppose -o = -g - 5*h, -2*h + 4 = 2*h. What are the prime factors of g?
2, 3
Suppose 6*p - 5*p = 34. Let j = 19 - p. Let y = 27 + j. What are the prime factors of y?
2, 3
Let p(g) = -16*g - 13. List the prime factors of p(-6).
83
Let j(g) = -4*g**3 - 5. Let a(r) = 11*r**3 + r**2 - r + 15. Let p(q) = -3*a(q) - 8*j(q). Let m be p(-4). Let l = 4 - m. What are the prime factors of l?
5
Let d = -3 - -2. Let x be ((